{"id":17,"date":"2018-02-13T19:07:30","date_gmt":"2018-02-13T19:07:30","guid":{"rendered":"http:\/\/xn--restauranteespaa-lub.es\/?page_id=17"},"modified":"2023-02-28T13:22:59","modified_gmt":"2023-02-28T12:22:59","slug":"inicio","status":"publish","type":"page","link":"https:\/\/xn--restauranteespaa-lub.es\/","title":{"rendered":"Inicio"},"content":{"rendered":"<p style=\"text-align: center;\"><div id=\"metaslider-id-2163\" style=\"width: 100%; margin: 0 auto;\" class=\"ml-slider-3-106-0 metaslider metaslider-nivo metaslider-2163 ml-slider has-dots-nav ms-theme-default\" role=\"region\" aria-label=\"Cabecera\" data-height=\"450\" data-width=\"1600\">\n    <div id=\"metaslider_container_2163\">\n        <div class='slider-wrapper theme-default'><div class='ribbon'><\/div><div id='metaslider_2163' class='nivoSlider'><img loading=\"lazy\" decoding=\"async\" src=\"https:\/\/xn--restauranteespaa-lub.es\/wp-content\/uploads\/2018\/02\/slider3.jpg\" height=\"450\" width=\"1600\" data-caption=\"Un lugar acogedor donde disfrutar de la buena cocina\" alt=\"\" class=\"slider-2163 slide-2165 msDefaultImage\" \/><img loading=\"lazy\" decoding=\"async\" src=\"https:\/\/xn--restauranteespaa-lub.es\/wp-content\/uploads\/2018\/02\/slider2.jpg\" height=\"450\" width=\"1600\" data-caption=\"Exquisited en todos nuestros platos\" alt=\"\" class=\"slider-2163 slide-2166 msDefaultImage\" \/><img loading=\"lazy\" decoding=\"async\" src=\"https:\/\/xn--restauranteespaa-lub.es\/wp-content\/uploads\/2018\/02\/slider.jpg\" height=\"450\" width=\"1600\" data-caption=\"Un buen vermout. Dal mar a su paladar\" alt=\"\" class=\"slider-2163 slide-2168 msDefaultImage\" \/><img loading=\"lazy\" decoding=\"async\" src=\"https:\/\/xn--restauranteespaa-lub.es\/wp-content\/uploads\/2018\/03\/slider1.jpg\" height=\"450\" width=\"1600\" data-caption=\"Saborea la calidad de la comida casera\" title=\"slider1\" alt=\"\" class=\"slider-2163 slide-2391 msDefaultImage\" \/><\/div><\/div>\n        \n    <\/div>\n<\/div><\/p>\n<p><img loading=\"lazy\" decoding=\"async\" class=\"alignleft size-medium wp-image-2383\" src=\"http:\/\/xn--restauranteespaa-lub.es\/wp-content\/uploads\/2018\/03\/chef-229x300.png\" alt=\"\" width=\"229\" height=\"300\" srcset=\"https:\/\/xn--restauranteespaa-lub.es\/wp-content\/uploads\/2018\/03\/chef-229x300.png 229w, https:\/\/xn--restauranteespaa-lub.es\/wp-content\/uploads\/2018\/03\/chef.png 361w\" sizes=\"auto, (max-width: 229px) 100vw, 229px\" \/><span style=\"color: #000000;\">A poca distancia de Zaragoza est\u00e1 RESTAURANTE ESPA\u00d1A.\u00a0 Esta situado en la misma plaza de Garrapinillos.<\/span><br \/>\n<span style=\"color: #000000;\"> All\u00ed podr\u00e1s disfrutar de una excepcional comida casera de gran calidad.<\/span><br \/>\n<span style=\"color: #000000;\"> Es un lugar id\u00f3neo y perfecto para compartir un d\u00eda en familia o con amigos.<\/span><br \/>\n<span style=\"color: #000000;\"> El RESTAURANTE ESPA\u00d1A cuenta con una terraza de verano donde podr\u00e1s desayunar, almorzar, tapear, comer y cenar.<\/span><br \/>\n<span style=\"color: #000000;\"> Ofrece men\u00fa diario, men\u00fa fin de semana\u00a0 y carta. Comuniones, bodas de plata y de oro, primadas y comidas y cenas de empresa.<\/span><br \/>\n<span style=\"color: #000000;\"> La relaci\u00f3n de calidad, precio y atenci\u00f3n de su personal es muy especial.<\/span><br \/>\n<span style=\"color: #000000;\"> De su cocina destacan el ternasco asado, rabo de toro estofado, manitas con tomate, huevos rotos y un sin\u00a0 fin de platos.<\/span><\/p>\n","protected":false},"excerpt":{"rendered":"<p>A poca distancia de Zaragoza est\u00e1 RESTAURANTE ESPA\u00d1A.\u00a0 Esta situado en la misma plaza de Garrapinillos. All\u00ed podr\u00e1s disfrutar de una excepcional comida casera de gran calidad. Es un lugar id\u00f3neo y perfecto para compartir un d\u00eda en familia o con amigos. El RESTAURANTE ESPA\u00d1A cuenta con una terraza de verano donde podr\u00e1s desayunar, almorzar,<br \/><a class=\"moretag\" href=\"https:\/\/xn--restauranteespaa-lub.es\/\">+ M\u00e1s informaci\u00f3n<\/a><\/p>\n","protected":false},"author":2,"featured_media":15,"parent":0,"menu_order":0,"comment_status":"closed","ping_status":"closed","template":"template_parts\/page-fullwidth_template.php","meta":{"footnotes":""},"class_list":["post-17","page","type-page","status-publish","has-post-thumbnail","hentry"],"_links":{"self":[{"href":"https:\/\/xn--restauranteespaa-lub.es\/index.php?rest_route=\/wp\/v2\/pages\/17","targetHints":{"allow":["GET"]}}],"collection":[{"href":"https:\/\/xn--restauranteespaa-lub.es\/index.php?rest_route=\/wp\/v2\/pages"}],"about":[{"href":"https:\/\/xn--restauranteespaa-lub.es\/index.php?rest_route=\/wp\/v2\/types\/page"}],"author":[{"embeddable":true,"href":"https:\/\/xn--restauranteespaa-lub.es\/index.php?rest_route=\/wp\/v2\/users\/2"}],"replies":[{"embeddable":true,"href":"https:\/\/xn--restauranteespaa-lub.es\/index.php?rest_route=%2Fwp%2Fv2%2Fcomments&post=17"}],"version-history":[{"count":22,"href":"https:\/\/xn--restauranteespaa-lub.es\/index.php?rest_route=\/wp\/v2\/pages\/17\/revisions"}],"predecessor-version":[{"id":2519,"href":"https:\/\/xn--restauranteespaa-lub.es\/index.php?rest_route=\/wp\/v2\/pages\/17\/revisions\/2519"}],"wp:featuredmedia":[{"embeddable":true,"href":"https:\/\/xn--restauranteespaa-lub.es\/index.php?rest_route=\/wp\/v2\/media\/15"}],"wp:attachment":[{"href":"https:\/\/xn--restauranteespaa-lub.es\/index.php?rest_route=%2Fwp%2Fv2%2Fmedia&parent=17"}],"curies":[{"name":"wp","href":"https:\/\/api.w.org\/{rel}","templated":true}]}}